5?
-12
In base 15, what is -9d - 0?
-9d
In base 5, what is -41 - -11?
-30
In base 3, what is -1022 - -2102?
1010
In base 14, what is c63 - -5?
c68
In base 8, what is -663 + -3?
-666
In base 11, what is 1 + 822?
823
In base 4, what is -202 - -1?
-201
In base 7, what is -5 + -2532?
-2540
In base 13, what is 3 - 10?
-a
In base 2, what is 1110100 + 11101?
10010001
In base 8, what is -127 - 0?
-127
In base 9, what is 6 + 116?
123
In base 10, what is -6 - 81?
-87
In base 12, what is b21 + -3?
b1a
In base 4, what is 130 + -12100?
-11310
In base 11, what is -10 - 1?
-11
In base 10, what is 1281 - 4?
1277
In base 11, what is 2a2 - 10?
292
In base 11, what is 4 + -10?
-7
In base 5, what is 0 - 240111?
-240111
In base 7, what is 3 - -22?
25
In base 11, what is -160 + 7?
-154
In base 10, what is 78 - -15?
93
In base 14, what is c - -4?
12
In base 10, what is 1 - -912?
913
In base 11, what is -3 - -5?
2
In base 9, what is 0 + 58?
58
In base 2, what is -1011 - 11111011?
-100000110
In base 3, what is 202 + 12?
221
In base 10, what is -710 + -5?
-715
In base 2, what is 10 - 11?
-1
In base 12, what is 3 - -1a8?
1ab
In base 5, what is -30 + 33413?
33333
In base 13, what is -1c + 168?
149
In base 9, what is -10 - 30?
-40
In base 2, what is -10011 - -10000?
-11
In base 13, what is 338a - -5?
3392
In base 3, what is 2001011 - -11?
2001022
In base 16, what is 9 + -107?
-fe
In base 3, what is 2 + -2012?
-2010
In base 2, what is -110011011010 + 11?
-110011010111
In base 13, what is 1 - -3a?
3b
In base 7, what is 0 - -36?
36
In base 16, what is 16 + -f?
7
In base 15, what is 167 - -8?
170
In base 16, what is 19 - -f?
28
In base 16, what is -9e + -2?
-a0
In base 13, what is -a12b - -1?
-a12a
In base 4, what is 122 - -3?
131
In base 10, what is 11 + 1?
12
In base 10, what is -1 - 115?
-116
In base 13, what is 3 + -13cb?
-13c8
In base 16, what is -10 - -1a?
a
In base 3, what is -10200201 - 0?
-10200201
In base 4, what is -12002 - -2?
-12000
In base 5, what is 10 - -44?
104
In base 11, what is -1955 + 8?
-1948
In base 4, what is 1201 - 11?
1130
In base 6, what is -550 + -1?
-551
In base 15, what is 134 + 22?
156
In base 4, what is -1002020 + 0?
-1002020
In base 14, what is -11 - -21b?
20a
In base 13, what is 16cb + -6?
16c5
In base 16, what is 0 + 4f?
4f
In base 10, what is -74 - 18?
-92
In base 9, what is 1 + -166?
-165
In base 6, what is 130043 + 3?
130050
In base 16, what is 0 - 34?
-34
In base 11, what is 2195 + -4?
2191
In base 12, what is -18 - 2?
-1a
In base 2, what is -1011000 + -100110?
-1111110
In base 16, what is -a1 + 3?
-9e
In base 3, what is 10 - -10122?
10202
In base 4, what is -123112 - 11?
-123123
In base 9, what is -3 + 5633?
5630
In base 7, what is 3 + -12?
-6
In base 5, what is -10 + -23111?
-23121
In base 9, what is -178 + -17?
-206
In base 15, what is 10 - 32?
-22
In base 13, what is 638 - 0?
638
In base 13, what is 24 + -344?
-320
In base 6, what is -153 - 0?
-153
In base 11, what is -2 + 21?
1a
In base 14, what is -10 + 3a?
2a
In base 13, what is -166 - -3?
-163
In base 10, what is -5 + -4?
-9
In base 7, what is -134 + 5?
-126
In base 6, what is -4 + -54?
-102
In base 5, what is 3400 - -10?
3410
In base 13, what is -101 + 0?
-101
In base 12, what is 17 + 1a9?
204
In base 12, what is -4b8 - -5?
-4b3
In base 13, what is -21 + -154?
-175
In base 11, what is 1 - -9?
a
In base 8, what is -7 + -1030?
-1037
In base 13, what is 1 - -7a7?
7a8
In base 4, what is 13 + 1103320?
1103333
In base 6, what is -1033 - -22?
-1011
In base 15, what is d4 - 5?
ce
In base 14, what is -10 + -12?
-22
In base 11, what is -23 + 5?
-19
In base 9, what is 140 - 4?
135
In base 8, what is 1 - -20057?
20060
In base 2, what is -100 - 101100101001?
-101100101101
In base 16, what is 17 + 9?
20
In base 3, what is -122 + -12?
-211
In base 10, what is -171 - -63?
-108
In base 8, what is 2 + 26?
30
In base 8, what is -112 - -176?
64
In base 16, what is -5 - c6?
-cb
In base 16, what is -b + -d?
-18
In base 3, what is 12 - 12102?
-12020
In base 11, what is 4 - 60?
-57
In base 9, what is -3258 + 0?
-3258
In base 7, what is -25 - -20?
-5
In base 4, what is 233 + 1321?
2220
In base 14, what is 0 - 22d?
-22d
In base 12, what is -3b - -4?
-37
In base 4, what is 1010321 - 2?
1010313
In base 15, what is 1 + -127?
-126
In base 13, what is -10cb - 2?
-1100
In base 7, what is -5 + -166?
-204
In base 10, what is -483 + -16?
-499
In base 5, what is -202 + 3?
-144
In base 14, what is 4 - 134c?
-1348
In base 16, what is -716 - -1?
-715
In base 5, what is 1 - -2424?
2430
In base 14, what is -25a - -2c?
-22c
In base 15, what is -a0 - -5?
-9a
In base 9, what is -13 + 4?
-8
In base 10, what is 56 - -7?
63
In base 8, what is 5 + -666?
-661
In base 3, what is 2120 + 0?
2120
In base 6, what is 34 + 101?
135
In base 10, what is 1 - 7?
-6
In base 15, what is -30 + 5?
-2a
In base 8, what is -17 + 63?
44
In base 15, what is -49 + -6?
-50
In base 15, what is 20 + -300?
-2d0
In base 4, what is 311113 + 3?
311122
In base 10, what is -525 + -13?
-538
In base 9, what is 1656 - -4?
1661
In base 16, what is -8 + -1d?
-25
In base 2, what is 11001 - -111101?
1010110
In base 7, what is 13 - 210?
-164
In base 6, what is 1 - -2?
3
In base 3, what is -12 - -2002?
1220
In base 13, what is -3 - -40?
3a
In base 13, what is 3 + -46?
-43
In base 2, what is -1100011111 - 110?
-1100100101
In base 10, what is 10 + -120?
-110
In base 14, what is 3 - 309?
-306
In base 12, what is -172 - 0?
-172
In base 12, what is -3 + -24?
-27
In base 12, what is 1bb + 1?
200
In base 11, what is -1 + 179a?
1799
In base 5, what is 13421 - 3?
13413
In base 13, what is 2 - 3526?
-3524
In base 8, what is -1155 + -15?
-1172
In base 2, what is -111 + 111?
0
In base 6, what is 305 - 4?
301
In base 15, what is -25 - 5?
-2a
In base 13, what is 3 + -a98?
-a95
In base 7, what is -13 + -214?
-230
In base 14, what is 7 + -2?
5
In base 13, what is 3 + -26c?
-269
In base 14, what is a30 + 1?
a31
In base 7, what is -3 - -550?
544
In base 6, what is -2 + 542?
540
In base 5, what is -114034 - -1?
-114033
In base 14, what is 618 + 2?
61a
In base 6, what is -4 - 450?
-454
In base 9, what is -10 + -20?
-30
In base 13, what is -4 - 23?
-27
In base 6, what is -405 - 5?
-414
In base 10, what is -6605 - -1?
-6604
In base 2, what is -10011 - -1001?
-1010
In base 12, what is 1 - -129?
12a
In base 2, what is 0 - -110011?
110011
In base 15, what is 2 - 17b?
-179
In base 15, what is -7 - 147?
-14e
In base 13, what is -161 - -54?
-10a
In base 3, what is 1002 + 112?
1121
In base 3, what is -1121202212 - 0?
-1121202212
In base 7, what is 1 - 21553?
-21552
In base 10, what is -4 - 183?
-187
In base 13, what is -1 + -256?
-257
In base 11, what is -500 - 6?
-506
In base 9, what is -1 - 24?
-25
In base 16, what is -36 + -54?
-8a
In base 3, what is -21200 + 10?
-21120
In base 7, what is -356 - 3?
-362
In base 11, what is -113 - 55?
-168
In base 11, what is 58 + -7a?
-22
In base 3, what is -1 + 122?
121
In base 6, what is 5 + 54?
103
In base 12, what is 1 - -a81?
a82
In base 14, what is -a + 5?
-5
In base 7, what is -133 + -20?
-153
In base 9, what is 321 - 0?
321
In base 14, what is 12 + -7?
9
In base 3, what is -1022 + -11012?
-12111
In base 11, what is 3 + -18?
-15
In base 8, what is 3227 + -2?
3225
In base 13, what is -ca - 1?
-cb
In base 5, what is -2 + 2430?
2423
In base 4, what is -21022 + 0?
-21022
In base 2, what is -100101 - -11?
-100010
In base 11, what is aa3 + 1?
aa4
In base 3, what is -201 - -12?
-112
In base 13, what is -7 - c5?
-cc
In base 15, what is 16 - -7?
1d
In base 3, what is 2 - -110212?
110221
In base 10, what is -2083 - 3?
-2086
In base 10, what is -47 - 6?
-53
In base 13, what is -3c + -112?
-151
In base 5, what is -3 + -212?
-220
In base 4, what is 2 + 3201?
3203
In base 11, what is 4 - -182?
186
In base 7, what is 0 - -425?
425
In base 4, what is -10 + -211120?
-211130
In base 3, what is -112200 + -2?
-112202
In base 14, what is -5 + 32?
2b
In base 7, what is -16406 - 5?
-16414
In base 4, what is -23 - 2211?
-2300
In base 2, what is -1 + 1000?
111
In base 4, what is 32 - 211?
-113
In base 16, what is 20 + -b?
15
In base 8, what is 4 - -60?
64
In base 3, what is -11202001 - 10?
-11202011
In base 11, what is -1 - 10a?
-110
In base 9, what is -2732 - -2?
-2730